3?
-1423421
In base 6, what is -2 - -525302?
525300
In base 4, what is 230110 + 30210?
320320
In base 10, what is 160897 + -3?
160894
In base 11, what is -79 + 265?
197
In base 10, what is -30 - 26421?
-26451
In base 6, what is -2400 + -151?
-2551
In base 4, what is -330 + 10001213?
10000223
In base 7, what is -1 + 500262?
500261
In base 13, what is -28157 - 9?
-28163
In base 8, what is 11424 + -430?
10774
In base 7, what is 25 - -11066?
11124
In base 7, what is 432545 - -5?
432553
In base 13, what is -5a + -a6?
-133
In base 11, what is 93 - -455?
538
In base 7, what is 20412436 + 2?
20412441
In base 11, what is -a8 + 729?
631
In base 6, what is 31 - 20403?
-20332
In base 12, what is -175 - 336?
-4ab
In base 2, what is -111110100000010101 + -100?
-111110100000011001
In base 10, what is 6 - -19375?
19381
In base 6, what is 2 + 21132?
21134
In base 4, what is -1020020 + 100?
-1013320
In base 9, what is -10 - -13?
3
In base 10, what is 0 - -60547?
60547
In base 15, what is 4bed32 + 4?
4bed36
In base 3, what is -121000212 + -2022?
-121010011
In base 7, what is 4 - -56022?
56026
In base 7, what is 31 + 354311?
354342
In base 14, what is -c - -1877?
1869
In base 7, what is 33023 - 5?
33015
In base 14, what is -518 + -2?
-51a
In base 10, what is 11 - 1930?
-1919
In base 11, what is -709656 - -1?
-709655
In base 6, what is 323 + -14442?
-14115
In base 5, what is 400341 - 104?
400232
In base 15, what is -2 + -a7e87?
-a7e89
In base 11, what is -7 - -15547?
15540
In base 9, what is -454 - -723?
258
In base 2, what is -111000010001111 - 1?
-111000010010000
In base 4, what is 1001 - 1203000?
-1201333
In base 11, what is 5 + 121a27?
121a31
In base 16, what is 3 - 38e0?
-38dd
In base 9, what is 780 + 14?
804
In base 16, what is 1019 + 42?
105b
In base 11, what is 34 + 75?
a9
In base 3, what is 2001222 + 112?
2002111
In base 4, what is -2330 + 10322?
1332
In base 9, what is -100504 - -4?
-100500
In base 2, what is -11 + -10000110100111?
-10000110101010
In base 14, what is 1535 - -1dc?
1733
In base 8, what is 112 - -1331?
1443
In base 8, what is 6452 - -23?
6475
In base 2, what is 1110110001101101000 - -100?
1110110001101101100
In base 5, what is 1133 + -20123?
-13440
In base 14, what is bb + 48?
125
In base 6, what is -4042343 - 2?
-4042345
In base 12, what is -109 + -477?
-584
In base 8, what is -2 - -2312255?
2312253
In base 7, what is -5 - -52064?
52056
In base 12, what is -3241 + 0?
-3241
In base 12, what is -1 + 26394?
26393
In base 11, what is -35 + 4913?
4889
In base 16, what is 225c + -c?
2250
In base 13, what is 12c9a8 + 9?
12c9b4
In base 6, what is 31 - -202433?
202504
In base 10, what is 5 + -90579?
-90574
In base 16, what is -18 + 1bc1?
1ba9
In base 11, what is -938311 - 0?
-938311
In base 9, what is 1482 + 646?
2238
In base 11, what is 4 - -15a6a3?
15a6a7
In base 13, what is 1bc2 + b4?
1ca6
In base 15, what is -8 + d410?
d407
In base 7, what is -1100 + 1024?
-43
In base 9, what is 4 + 255617?
255622
In base 15, what is 5 - -65bae?
65bb4
In base 6, what is -100 + -300424?
-300524
In base 15, what is 1 - -40d6?
40d7
In base 8, what is 1 - 5677?
-5676
In base 14, what is -2a8 + 11?
-297
In base 12, what is -16b + -473?
-622
In base 13, what is 2cc8 + 8?
3003
In base 9, what is -1 - -1810?
1808
In base 3, what is 1 + 2011001220?
2011001221
In base 6, what is 200141 - 1?
200140
In base 8, what is 1 - 333571?
-333570
In base 6, what is -1333405 - -22?
-1333343
In base 2, what is -1011001000110 - 0?
-1011001000110
In base 5, what is -4 + -2102203?
-2102212
In base 9, what is 88 - -273?
372
In base 13, what is 121 + 2766?
2887
In base 3, what is -2 + 10012100?
10012021
In base 11, what is -a - 7aaa?
-8009
In base 6, what is -203532 - -20?
-203512
In base 13, what is 95 - -79?
141
In base 10, what is -1108 + 1990?
882
In base 9, what is 1 - 135246?
-135245
In base 12, what is 3159 + 303?
3460
In base 5, what is -10330 - -201?
-10124
In base 13, what is 1 - 48b9?
-48b8
In base 13, what is -502 + -71?
-573
In base 11, what is -4 + 21a91?
21a88
In base 2, what is -1110101 + 110110101?
101000000
In base 10, what is 132 + -9133?
-9001
In base 2, what is 1110111001000 - 100?
1110111000100
In base 7, what is 2021 + -24?
1664
In base 11, what is -6893 - -1?
-6892
In base 2, what is -100 - -1111101010011001000?
1111101010011000100
In base 3, what is -120122010 - -1120?
-120120120
In base 5, what is -124223 - -3?
-124220
In base 10, what is 30992 + -11?
30981
In base 16, what is f81 + 4f?
fd0
In base 6, what is 10154435 + 14?
10154453
In base 4, what is -112310230 + -1?
-112310231
In base 6, what is 3 - -512151?
512154
In base 5, what is -34 + 40222?
40133
In base 4, what is -31 - -100200121?
100200030
In base 5, what is 242234444 + 0?
242234444
In base 16, what is -226 + 158?
-ce
In base 16, what is -2d1 - 70?
-341
In base 14, what is 9 + -817?
-80c
In base 2, what is -11 + 11010010011010?
11010010010111
In base 4, what is 133 - -1013133?
1013332
In base 14, what is -19 + 43d4?
43b9
In base 11, what is -531a40 - 2?
-531a42
In base 10, what is 3546 - -269?
3815
In base 16, what is 110f - -5?
1114
In base 4, what is -22033013021 + 10?
-22033013011
In base 5, what is 12 - 44302334?
-44302322
In base 6, what is 4 - 2024414?
-2024410
In base 16, what is -48 - 6270?
-62b8
In base 3, what is -11 - -122111100120?
122111100102
In base 12, what is -4a - 4a45?
-4a93
In base 10, what is -799 - -9?
-790
In base 13, what is 33 - -499?
4cc
In base 9, what is 1246 + -8?
1237
In base 14, what is -3 + -102d9?
-102dc
In base 10, what is 48347 - 5?
48342
In base 14, what is -114da - -17?
-114c3
In base 14, what is -8c3 - -910?
2b
In base 3, what is -12 + 10110002?
10102220
In base 5, what is -4332111 + -1?
-4332112
In base 15, what is -2 - -202d2a?
202d28
In base 16, what is -2e4 + a0?
-244
In base 7, what is 100 - -625?
1025
In base 16, what is 15e148 + 0?
15e148
In base 3, what is -10221 - -121012?
110021
In base 16, what is -2c - -89e?
872
In base 5, what is -1102242242 - 3?
-1102242300
In base 13, what is -860c - 11?
-8620
In base 10, what is 793 - 2752?
-1959
In base 12, what is 2 - 11a92?
-11a90
In base 8, what is 3 - -165343?
165346
In base 11, what is 4 + 3012a6?
3012aa
In base 11, what is 936180 + -3?
936178
In base 14, what is 760 + -660?
100
In base 6, what is 10314 - 522?
5352
In base 7, what is -20026 - -113?
-16613
In base 14, what is 1737 - -41?
1778
In base 13, what is 161c5 - -4?
161c9
In base 15, what is 5 + -7ebd?
-7eb8
In base 10, what is -928 + -104?
-1032
In base 8, what is 374367 + 0?
374367
In base 4, what is 11 + -2023031?
-2023020
In base 11, what is -5 - -9a42?
9a38
In base 4, what is -313 + -12011310?
-12012223
In base 6, what is -5510 - 13255?
-23205
In base 3, what is -1000012122 + -11112?
-1000101011
In base 2, what is -1 + -1010000000101?
-1010000000110
In base 10, what is 129 + -2536?
-2407
In base 6, what is -255153 - -4?
-255145
In base 15, what is 1 + -bd2?
-bd1
In base 15, what is -3 + -8e8?
-8eb
In base 8, what is 504 + 1?
505
In base 10, what is 1 - -161995?
161996
In base 13, what is 20c6 + 5?
20cb
In base 16, what is -1911 - -113?
-17fe
In base 10, what is 5575 + -1?
5574
In base 9, what is -10417 - -11?
-10406
In base 3, what is -10 - -111220020001?
111220012221
In base 3, what is 1 + -20120102?
-20120101
In base 5, what is 1 + -14041002?
-14041001
In base 2, what is 0 + 10100110100011101?
10100110100011101
In base 11, what is -20995 - -41?
-20954
In base 16, what is 22a2 - 19?
2289
In base 2, what is 10010111001011 - -1010101011?
10100001110110
In base 14, what is -2 + -25347c?
-253480
In base 12, what is -98ab9 - -2?
-98ab7
In base 11, what is -847206 + -4?
-84720a
In base 7, what is 2463 - 2424?
36
In base 15, what is -530 + -81?
-5b1
In base 16, what is 15 + 5972?
5987
In base 5, what is 104202 + -40?
104112
In base 4, what is -112011333 + -320?
-112012313
In base 4, what is 2103 + -1010?
1033
In base 4, what is 1032212303 - 3?
1032212300
In base 7, what is -22303523 - 1?
-22303524
In base 11, what is -210 - -301?
a1
In base 7, what is -2340033 + 0?
-2340033
In base 15, what is 1c0cb + 10?
1c0db
In base 15, what is -5 + -3124?
-3129
In base 4, what is 320 - -1131?
2111
In base 3, what is 10 + -101221001120?
-101221001110
In base 14, 